251
In base 14, what is 13d6847 + 2?
13d6849
In base 7, what is -566345 + -664?
-600342
In base 15, what is 1 + 2a46e87?
2a46e88
In base 11, what is -5 + 96861215?
96861210
In base 6, what is 2 + 22234140041?
22234140043
In base 5, what is 10 - 3022132?
-3022122
In base 7, what is -21446450 - 2250?
-21452030
In base 12, what is a5 - ab65b?
-ab576
In base 10, what is -15060970 - -2?
-15060968
In base 11, what is 8420 + 319?
8739
In base 10, what is -2098 - -9174?
7076
In base 13, what is -96 + 2157864?
215779b
In base 10, what is 84 - 35087?
-35003
In base 12, what is -14407 - 1103?
-1550a
In base 7, what is 3060 - -23302?
26362
In base 6, what is 3342135 + 51?
3342230
In base 2, what is 11010000101111110101001000 + -10?
11010000101111110101000110
In base 14, what is -1 + a80da0d?
a80da0c
In base 6, what is -35013 - -14322?
-20251
In base 6, what is 21343 + 100505?
122252
In base 14, what is -1b1 + 4cd7?
4b26
In base 15, what is b535e7 - 5?
b535e2
In base 10, what is -246001 - 49?
-246050
In base 16, what is 0 - a4f92?
-a4f92
In base 3, what is -21022001121221021 - -11?
-21022001121221010
In base 6, what is -420 + -10544524?
-10545344
In base 5, what is -40034 - 110432?
-201021
In base 13, what is 117 - -488642?
488759
In base 3, what is 112220000221 + -121121?
112212102100
In base 5, what is 303432001 + 230?
303432231
In base 2, what is 10 + -1100001111111111001110010100?
-1100001111111111001110010010
In base 2, what is -110101001100011100000100 - -1001?
-110101001100011011111011
In base 12, what is 910757 - -10?
910767
In base 3, what is 21100210202010201 + 2?
21100210202010210
In base 6, what is -3 - -43544205?
43544202
In base 14, what is -1004216 - -2?
-1004214
In base 16, what is 8 - -1adaf72?
1adaf7a
In base 7, what is 31453 + 153451?
215234
In base 8, what is 373 + 1245342?
1245735
In base 5, what is -3302 + -12204031?
-12212333
In base 5, what is 200114 - 312023?
-111404
In base 9, what is -216 - -27341?
27124
In base 6, what is 15355302 - 120?
15355142
In base 2, what is 1110101000011 + 10111011000000?
100110000000011
In base 3, what is -1112110011101110 + -1?
-1112110011101111
In base 11, what is 3 + 42a7666?
42a7669
In base 11, what is 110a - 82369?
-8125a
In base 12, what is -4357904 + -5?
-4357909
In base 12, what is -3 + -a9135b?
-a91362
In base 16, what is 2 - 4f4871?
-4f486f
In base 8, what is -4754 - -511362?
504406
In base 12, what is 186aa0 + 6?
186aa6
In base 13, what is -2507a - 18b?
-25238
In base 14, what is -35 - 1198696?
-11986cb
In base 2, what is -1011100100100000101000 + -100?
-1011100100100000101100
In base 5, what is 41 - -111421011?
111421102
In base 14, what is 1b6d548 - 6?
1b6d542
In base 6, what is 132111144 - -315?
132111503
In base 15, what is a95 + -1cdd4?
-1c33e
In base 3, what is 12000021 - -12222100012?
20011100110
In base 13, what is -17939 + a96?
-16b73
In base 11, what is 23a46a + 79?
23a538
In base 4, what is 0 - 1313103220111?
-1313103220111
In base 2, what is 1 - -1010110000111101011011001?
1010110000111101011011010
In base 7, what is -426064200 - 4?
-426064204
In base 11, what is 4 + -1453357?
-1453353
In base 12, what is 6299ab2 + 5?
6299ab7
In base 7, what is 232562 + -300?
232262
In base 5, what is -3413443 - 14240?
-3433233
In base 13, what is -153bb + 148?
-15273
In base 16, what is 41914e + 5?
419153
In base 15, what is 66866 - -52?
668b8
In base 10, what is 14803542 - -6?
14803548
In base 9, what is 30 + -3127073?
-3127043
In base 12, what is 1 - -27940a16?
27940a17
In base 9, what is 0 - 4264458?
-4264458
In base 16, what is -5 + 8d0a215?
8d0a210
In base 8, what is -2305353 + -111?
-2305464
In base 7, what is 1124645 + -16?
1124626
In base 11, what is -2 + -29728155?
-29728157
In base 9, what is 284551483 - 5?
284551477
In base 16, what is 4dbd40 - 3?
4dbd3d
In base 7, what is -13525111340 + 5?
-13525111332
In base 6, what is 45413 + -212544?
-123131
In base 11, what is 2 + -5656028?
-5656026
In base 13, what is 19aab58c - -6?
19aab595
In base 11, what is 21609920 + 3?
21609923
In base 7, what is -1032 + -122030?
-123062
In base 13, what is 971 - 8036?
-7395
In base 7, what is 61 + -6501533?
-6501442
In base 2, what is -1001101111000110100010101 + 101?
-1001101111000110100010000
In base 9, what is 3006 + -1768?
1127
In base 5, what is 2133 + -203221?
-201033
In base 5, what is 1344224431 - -10?
1344224441
In base 12, what is -1ba94579 - -3?
-1ba94576
In base 10, what is 6195350 + -3?
6195347
In base 5, what is 1224240420 + 1?
1224240421
In base 9, what is -5 + -46063476?
-46063482
In base 15, what is -6a721 + 7?
-6a719
In base 4, what is -2200001 + -3210?
-2203211
In base 3, what is -100002212112220122 - 1?
-100002212112220200
In base 4, what is -21131002232 - 100?
-21131002332
In base 8, what is -5 - -37736737?
37736732
In base 8, what is 37 - -143024070?
143024127
In base 5, what is 1002120130 + -120?
1002120010
In base 3, what is 102 + 102112012211?
102112020020
In base 6, what is 115 - -32002340?
32002455
In base 13, what is 2b + -3c3c672?
-3c3c644
In base 15, what is -528 - c828?
-cd51
In base 13, what is -359582 - -69?
-359516
In base 8, what is 365423 - -1562?
367205
In base 8, what is -34734 - -100?
-34634
In base 6, what is 2 - -52140305?
52140311
In base 2, what is 11 + 110101111101100111101100?
110101111101100111101111
In base 3, what is -11121121110122 - 2?
-11121121110201
In base 3, what is -2221210 + -1200220102?
-1210212012
In base 4, what is 10202111123 - 1230?
10202103233
In base 2, what is -11001001 - -101010101100011101?
101010101001010100
In base 12, what is 132b - -90ba?
a429
In base 5, what is 244442033 - 3?
244442030
In base 4, what is 3301 + 223201302?
223211203
In base 2, what is 1100011111101101110 - -11110?
1100011111110001100
In base 9, what is -13335 + -827?
-14263
In base 9, what is -5 - -185274101?
185274085
In base 5, what is -22 - -4333413333?
4333413311
In base 7, what is 120513 - 313?
120200
In base 8, what is 511 + -1027422?
-1026711
In base 12, what is -3390 + -708?
-3a98
In base 8, what is -27 + 107156260?
107156231
In base 8, what is -10776327 + -3?
-10776332
In base 3, what is -10 + 210101220221022?
210101220221012
In base 12, what is 13ab6 - 1b0?
13906
In base 15, what is 1 - 7bc004?
-7bc003
In base 13, what is -2 - -760878?
760876
In base 6, what is 3 - 21100032?
-21100025
In base 8, what is -1 - 10456571?
-10456572
In base 14, what is -15975b2 - -1?
-15975b1
In base 7, what is 2 - -40515661?
40515663
In base 13, what is -11142 + 820?
-10622
In base 10, what is -40831 + -428?
-41259
In base 8, what is 325110 + 311?
325421
In base 6, what is -1530533 + 233?
-1530300
In base 8, what is 2 - -45440501?
45440503
In base 12, what is 1 + 16a64b44?
16a64b45
In base 8, what is 37475 - 373?
37102
In base 16, what is e77ea2 + 7?
e77ea9
In base 4, what is -1032313013030 - 330?
-1032313020020
In base 13, what is 5434042 - 2?
5434040
In base 12, what is -1 - 334a89a?
-334a89b
In base 11, what is 7427 - 5a23?
1504
In base 9, what is -188133868 - -2?
-188133866
In base 13, what is -3a - 5858?
-5895
In base 7, what is 300 - -2561666?
2562266
In base 5, what is 32241 + -20224?
12012
In base 10, what is -16 + -5668735?
-5668751
In base 8, what is -16000 - 7057?
-25057
In base 8, what is 20667517 + 50?
20667567
In base 3, what is -1100221110012010 + -1?
-1100221110012011
In base 11, what is -1924553 + -5?
-1924558
In base 13, what is 9 - 3539ab9?
-3539ab0
In base 3, what is 2122000212001 + 1000?
2122000220001
In base 11, what is 3 + a0845335?
a0845338
In base 2, what is -11011111010110101011011111 + -11?
-11011111010110101011100010
In base 8, what is -13143 + 337?
-12604
In base 7, what is 2 - -5441610362?
5441610364
In base 13, what is 39 + 11b772c?
11b7768
In base 13, what is 3b7c6ab2 + -3?
3b7c6aac
In base 2, what is -101 + 10011011010011001001010001?
10011011010011001001001100
In base 5, what is -14440030 - 412?
-14440442
In base 16, what is -b1e68b - 5b?
-b1e6e6
In base 10, what is -4598813 + 168?
-4598645
In base 13, what is 234 - -474?
6a8
In base 10, what is -158289 - -710?
-157579
In base 10, what is -5 + 23930986?
23930981
In base 10, what is 6 - -25313?
25319
In base 13, what is -63b + 1b43?
1505
In base 9, what is -287 + -21702?
-22100
In base 7, what